{"id":3,"date":"2023-10-11T09:36:08","date_gmt":"2023-10-11T07:36:08","guid":{"rendered":"https:\/\/gizeh-gewinnspiel.ch\/?page_id=3"},"modified":"2023-12-14T08:46:25","modified_gmt":"2023-12-14T07:46:25","slug":"teilnahmebedingungen","status":"publish","type":"page","link":"https:\/\/gizeh-gewinnspiel.ch\/index.php\/teilnahmebedingungen\/","title":{"rendered":"Teilnahmebedingungen"},"content":{"rendered":"<div class=\"fusion-fullwidth fullwidth-box fusion-builder-row-1 fusion-flex-container nonhundred-percent-fullwidth non-hundred-percent-height-scrolling\" style=\"--awb-border-radius-top-left:0px;--awb-border-radius-top-right:0px;--awb-border-radius-bottom-right:0px;--awb-border-radius-bottom-left:0px;--awb-flex-wrap:wrap;\" ><div class=\"fusion-builder-row fusion-row fusion-flex-align-items-flex-start fusion-flex-content-wrap\" style=\"max-width:1216.8px;margin-left: calc(-4% \/ 2 );margin-right: calc(-4% \/ 2 );\"><div class=\"fusion-layout-column fusion_builder_column fusion-builder-column-0 fusion_builder_column_1_1 1_1 fusion-flex-column\" style=\"--awb-bg-blend:overlay;--awb-bg-size:cover;--awb-width-large:100%;--awb-margin-top-large:100px;--awb-spacing-right-large:1.92%;--awb-margin-bottom-large:0px;--awb-spacing-left-large:1.92%;--awb-width-medium:100%;--awb-spacing-right-medium:1.92%;--awb-spacing-left-medium:1.92%;--awb-width-small:100%;--awb-spacing-right-small:1.92%;--awb-spacing-left-small:1.92%;\"><div class=\"fusion-column-wrapper fusion-flex-justify-content-flex-start fusion-content-layout-column\"><div class=\"fusion-title title fusion-title-1 fusion-sep-none fusion-title-text fusion-title-size-one\" style=\"--awb-text-color:#ffffff;\"><h1 class=\"fusion-title-heading title-heading-left fusion-responsive-typography-calculated\" style=\"margin:0;text-transform:capitalize;--fontSize:80;line-height:var(--awb-typography1-line-height);\"><h1>Teilnahmebedingungen und Datenschutzhinweise das Gewinnspiel goldener Filter Von GIZEH Raucherbedarf GmbH in Kooperation mit KingsCastle<\/h1><\/h1><\/div><div class=\"fusion-text fusion-text-1\" style=\"--awb-text-color:#ffffff;\"><\/p>\n<p>Diese Teilnahmebedingungen und Datenschutzhinweise (nachfolgend zusammenfassend bezeichnet als &#8222;Teilnahmebedingungen&#8220;) gelten f\u00fcr die Teilnahme an unseren auf sie verweisenden Gewinnspielen und Wettbewerben (nachfolgend bezeichnet als &#8222;Gewinnspiel\/e&#8220;). Die Teilnahmebedingungen enthalten Regeln, u.a. f\u00fcr die Teilnahme, Hinweise zu den Gewinnen und zur Verarbeitung der Daten der Teilnehmenden und deren Widerspruchs- sowie Widerrufsrechten. Die verwendeten Begriffe sind nicht geschlechtsspezifisch.<\/p>\n<p>&nbsp;<\/p>\n<p>Veranstalter<\/p>\n<p>Kings Castle GmbH<\/p>\n<p>Bierigutstrasse 1<\/p>\n<p>3608 Thun<\/p>\n<p>Schweiz<\/p>\n<p>Tel: 033 221 62 60<\/p>\n<p>info@kingscastle.ch<\/p>\n<p>Eingetragen im Handelsregister CH-092.4.014.268-9<\/p>\n<p>Umsatzsteuer-Identifikationsnummer CHE-103.054.122 Impressum: Impressum (tabakgrosshandel.ch)<\/p>\n<p>&nbsp;<\/p>\n<p>1. Verweis auf die Gewinnspielank\u00fcndigung<\/p>\n<p>Details zu den Teilnahmevoraussetzungen, vorzunehmenden Handlungen, der Laufzeit des Gewinnspiels, einzelnen Abschnitten des Gewinnspiels und etwaigen Gewinnen, k\u00f6nnen sich zus\u00e4tzlich aus den Beschreibungen, die den Teilnehmern im Rahmen des Gewinnspiels zur Verf\u00fcgung gestellt werden, ergeben. Diese Detailbeschreibungen haben Vorrang vor den Teilnahmebedingungen.<\/p>\n<p>&nbsp;<\/p>\n<p>2. Definition des Begriffs &#8222;Inhalte&#8220;<\/p>\n<p>&#8222;Inhalte&#8220; im Sinne dieser Teilnahmebedingungen sind alle von den Teilnehmern im Rahmen des Gewinnspiels hochgeladenen, eingegebenen oder anderweitig mitgeteilten Inhalte und Informationen wie z. B. Fotos, Grafiken, Videos, Texte, Kommentare oder Angaben zu Orten und Personen<\/p>\n<p>&nbsp;<\/p>\n<p>3. Altersbeschr\u00e4nkung<\/p>\n<p>Die Teilnahme ist erst ab dem 18ten Lebensjahres m\u00f6glich.<\/p>\n<p>&nbsp;<\/p>\n<p>&nbsp;<\/p>\n<p>4. \u00d6rtliche Beschr\u00e4nkung<\/p>\n<p>Die Teilnahme setzt voraus, dass Sie Ihren Wohnsitz in der oder den nachfolgend genannten Region\/en haben: Schweiz<\/p>\n<p>&nbsp;<\/p>\n<p>5. Weitere Teilnahmekriterien<\/p>\n<p>F\u00fcr unser Gewinnspiel gelten die folgenden Teilnahmevoraussetzungen bzw. Teilnahmebeschr\u00e4nkungen: Ausschluss von Mitarbeitern und anderen Beteiligten: Von der Teilnahme ausgeschlossen sind unsere Mitarbeiter und die Mitarbeiter unserer Sponsoren, die mit der Erstellung oder Abwicklung dieses Gewinnspiels besch\u00e4ftigt sind oder waren, sowie deren Ehe- oder Lebenspartner, Eltern, Kinder, Geschwister oder im gleichen Haushalt lebende Personen, sofern diesen die vorgenannte Befassung der Mitarbeiter mit dem Gewinnspiel bekannt war oder h\u00e4tte bekannt sein m\u00fcssen.<\/p>\n<p>&nbsp;<\/p>\n<p>6. Beginn und Ende des Gewinnspiels<\/p>\n<p>Beginn des Gewinnspiels: 15.12.2023<\/p>\n<p>Ende des Gewinnspiels: 31.03.2024<\/p>\n<p>Vorzeitige Beendigung: Wir behalten uns vor, das Gewinnspiel unbeschadet der Rechte der bisherigen Teilnehmer und unter Beachtung von Zumutbarkeitskriterien, ohne Angabe von Gr\u00fcnden, insbesondere aufgrund von \u00e4u\u00dferen Umst\u00e4nden und Zw\u00e4ngen, mit Wirkung f\u00fcr die Zukunft vorzeitig zu beenden, anzupassen oder diese Teilnahmebedingungen anzupassen. Zu den \u00e4u\u00dferen Umst\u00e4nden und Zw\u00e4ngen geh\u00f6ren vor allem technische Probleme, gesetzliche \u00c4nderungen oder nicht in unserem Einflussbereich liegende und zwingende Ma\u00dfnahmen Dritter.<\/p>\n<p>&nbsp;<\/p>\n<p>7. Angaben zu Gewinnen<\/p>\n<p>Nachfolgend kl\u00e4ren wir die Teilnehmer \u00fcber die von uns verschenkten Gewinne sowie deren Modalit\u00e4ten auf. Bestimmung der Gewinner: Die Gewinner werden dar\u00fcber bestimmt, wer aus Zufall eine Aktionspackung mit goldenem Filter findet.<\/p>\n<p>Der Gewinner erh\u00e4lt einmalig 2 Tickets f\u00fcr die GIZEH 420 Party am 20.04.2024 in Z\u00fcrich. Eine Barauszahlung oder ein Umtausch in andere Werte sind ausgeschlossen.<\/p>\n<p>Ausschluss der \u00dcbertragung und Auszahlung von Gewinnen: Der Gewinnanspruch ist nicht \u00fcbertragbar. Eine Auszahlung der Gewinne in bar oder ein Tausch ist nicht m\u00f6glich.<\/p>\n<p>&nbsp;<\/p>\n<p>8. Verantwortlichkeit der Teilnehmer<\/p>\n<p>Wir sind f\u00fcr das Verhalten und die im Rahmen des Gewinnspiels durch die Teilnehmer publizierten Inhalte nicht verantwortlich und machen uns diese nicht zu eigen. Wir sind ferner nicht zu deren Pr\u00fcfung verpflichtet, behalten uns jedoch vor, deren Ver\u00f6ffentlichung r\u00fcckg\u00e4ngig zu machen, wenn konkrete Anhaltspunkte daf\u00fcr vorliegen, dass die Inhalte gegen gesetzliche Vorgaben, beh\u00f6rdliche Verbote, Rechte Dritter oder gegen die guten Sitten versto\u00dfen. Ausschluss bei Missbrauch: Wir behalten uns das Recht vor, Teilnehmer, die gegen diese Teilnahmebedingungen oder das Gesetz versto\u00dfen, jederzeit und ohne Vorank\u00fcndigung von der Teilnahme an dem Gewinnspiel unter Beachtung der Zumutbarkeitskriterien auszuschlie\u00dfen. Keine Bel\u00e4stigung anderer Personen: Die Teilnehmer d\u00fcrfen andere Personen im Rahmen des Gewinnspiels nicht bel\u00e4stigen. Zum Beispiel d\u00fcrfen etwaige Mitteilungs-, Weiterleitungs- oder Teilen Funktionen nicht f\u00fcr den Versand von Mitteilungen genutzt werden, wenn damit zu rechnen ist, dass deren Erhalt seitens der Empf\u00e4nger unerw\u00fcnscht ist. Ausschluss von Gewinnspielteilnahmevermittlern: Die Teilnahme von Gewinnspielagenturen und sonstiger automatisch generierter Massenteilnahmeverfahren wird ausdr\u00fccklich ausgeschlossen.<\/p>\n<p>&nbsp;<\/p>\n<p>Ausschlussentscheidungen treffen wir im angemessenen Umfang und auf Grundlage sachlicher Kriterien sowie objektiver Anhaltspunkte. Im Falle eines Ausschlusses k\u00f6nnen Gewinne und Vorteile auch noch nachtr\u00e4glich aberkannt und zur\u00fcckgefordert werden. Verantwortlichkeit f\u00fcr Inhalte: Die Teilnehmer sind f\u00fcr die von ihnen im Rahmen des Gewinnspiels publizierten Inhalte verantwortlich. Wir (und soweit genannt Sponsoren) sind f\u00fcr das Verhalten der Teilnehmer und die im Rahmen des Gewinnspiels durch die Teilnehmer publizierten Inhalte nicht verantwortlich und machen uns diese nicht zu eigen. Wir sind ferner nicht zur Pr\u00fcfung solcher Inhalte verpflichtet, behalten uns als der Veranstalter des Gewinnspiels jedoch vor, deren Ver\u00f6ffentlichung zu l\u00f6schen, wenn konkrete Anhaltspunkte daf\u00fcr vorliegen, dass die Inhalte gegen gesetzliche Vorgaben, beh\u00f6rdliche Verbote, Rechte Dritter oder gegen die guten Sitten versto\u00dfen. Die Teilnehmer haben sicherzustellen, dass ihnen an den Inhalten die notwendigen Nutzungsrechte f\u00fcr die Teilnahme an diesem Gewinnspiel zustehen und deren Nutzung im Rahmen dieser Teilnahmebedingungen nicht gegen gesetzliche Vorschriften, die guten Sitten und\/oder gegen Rechte Dritter verst\u00f6\u00dft. Wenn auf Fotos oder Videos neben den Teilnehmern noch andere Personen zu erkennen sind, ist die Einreichung solcher Fotos oder Videos nur erlaubt, soweit die Zustimmung der abgebildeten Personen hierzu vorliegt und deren Pers\u00f6nlichkeits- und Datenschutzrechte nicht verletzt werden. Nicht selbst aufgenommene Fotos oder Videos d\u00fcrfen nur eingereicht werden, wenn deren Urheber dem zugestimmt haben. Freistellung: Soweit wir oder unser Sponsor wegen gegen das Gesetz oder beh\u00f6rdliche Anordnungen, gegen Rechte Dritter oder gegen diese Teilnahmebedingungen versto\u00dfende Inhalte in Anspruch genommen werden, die von Teilnehmern zu vertreten sind, stellen die Teilnehmer uns bzw. unsere Sponsor(en) von den Anspr\u00fcchen frei und unterst\u00fctzen uns bzw. den Sponsor bei der Abwehr der Anspr\u00fcche. Die Freistellung umfasst die erforderlichen Rechtsverteidigungskosten.<\/p>\n<p>&nbsp;<\/p>\n<p>9. Nutzung der Gewinnspielbeitr\u00e4ge<\/p>\n<p>Die Teilnehmer r\u00e4umen uns zu Zwecken der Berichterstattung \u00fcber das Gewinnspiel, dessen Bewerbung und der Pr\u00e4sentation der Teilnehmerbeitr\u00e4ge und Gewinner durch uns oder durch unseren Sponsor(en) in Onlinemedien (z.B. auf Webseiten und in Social Media) oder in Printmedien unentgeltlich, zeitlich und \u00f6rtlich unbeschr\u00e4nkt das einfache Recht ein, die uns von ihnen im Rahmen des Gewinnspiels \u00fcberlassenen Teilnehmerbeitr\u00e4ge zu vervielf\u00e4ltigen, zu verbreiten, \u00f6ffentlich zug\u00e4nglich zu machen, unter Wahrung der Pers\u00f6nlichkeitsrechte der Teilnehmer zu bearbeiten sowie die Wahrnehmung dieser Rechte auf beauftragte Dritte, wie z.B. technische Dienstleister oder Agenturen, zu \u00fcbertragen. Die gesetzlichen Widerrufsrechte bleiben unber\u00fchrt. Einr\u00e4umung von Rechten zur wirtschaftlichen Nutzung der Gewinnerbeitr\u00e4ge: Die Teilnehmer \u00fcbertragen uns zus\u00e4tzlich das unwiderrufliche, unbefristete, weltweite, verg\u00fctungsfreie und \u00fcbertragbare Recht, ohne Pflicht zur Namensnennung, deren Beitr\u00e4ge f\u00fcr redaktionelle und kommerzielle Zwecke (z.B. Zwecke der Werbung oder des Verkaufs) in digitalen Medien (inkl. sozialer\/mobiler Medien), in Print oder Sendeformaten (z.B. Podcast, Videocast, Funk), in k\u00f6rperlicher Form (z.B. Displays), und in unk\u00f6rperlicher Form zu vervielf\u00e4ltigen, zu verarbeiten, zu ver\u00f6ffentlichen, \u00f6ffentlich zug\u00e4nglich zu machen, zu senden, unter Wahrung der Pers\u00f6nlichkeitsrechte der Teilnehmer mit anderen Werken oder Werkbestandteilen (z.B. mit Bild-, Video- oder Tonaufnahmen) zu verbinden, zu bearbeiten, im Format zu \u00e4ndern, zu \u00fcbersetzen oder rechtlich auf Dritte zu \u00fcbertragen oder die vorgenannten Rechte Dritten einzur\u00e4umen. Diese Rechte\u00fcbertragung erstreckt sich auch auf die Rechte, Abbildungen von Personen, Sachen oder anderen Motiven zu nutzen, sofern die Teilnehmer \u00fcber diese Rechte verf\u00fcgen k\u00f6nnen. Falls Teilnehmer \u00fcber diese Rechte nicht verf\u00fcgen k\u00f6nnen, weisen die Teilnehmer uns hierauf hin. Ferner stimmen die Teilnehmer zu, eine weitere, gesonderte, rechtlich zul\u00e4ssige und angemessene Vereinbarung im Hinblick auf die vorgenannte Rechteeinr\u00e4umung auf unser Anfordern hin zu unterzeichnen. Die Teilnehmer sichern zu, dass sie \u00fcber die vorgenannten Rechte verf\u00fcgen d\u00fcrfen. Die vorgenannten Rechte werden nicht-exklusiv einger\u00e4umt. Im Rahmen des Gewinnspiels werden nur Beitr\u00e4ge ber\u00fccksichtigt, welche unter Beachtung dieser Bedingungen eingereicht werden<\/p>\n<p>&nbsp;<\/p>\n<p>10. Gewinnspiele innerhalb von Online-Plattformen<\/p>\n<p>Findet das Gewinnspiel innerhalb einer Online-Plattform oder eines sozialen Netzwerks (z.B. Facebook oder Instagram, nachfolgend bezeichnet als &#8222;Online-Plattform\u201c) statt, gelten zus\u00e4tzlich die nachfolgenden Bestimmungen. Die Teilnehmer k\u00f6nnen gegen\u00fcber der Online-Plattform keine Anspr\u00fcche geltend machen, die im Zusammenhang mit der Teilnahme am Gewinnspiel oder dessen Nutzung entstehen. Die Teilnehmer erkennen an, dass das Gewinnspiel in keiner Weise von der Online-Plattform gesponsert, unterst\u00fctzt oder organisiert wird, bzw. in keiner Verbindung zu der Online-Plattform steht. Alle Informationen und Daten, die im Rahmen des Gewinnspiels durch die Teilnehmer mitgeteilt oder von diesen erhoben werden, werden nur uns und nicht der Online-Plattform bereitgestellt. Wir bitten darum, s\u00e4mtliche Anfragen und Hinweise bez\u00fcglich des Gewinnspiels an uns und nicht an die Online-Plattform zu richten. Sofern wir Daten der Teilnehmer auf Grundlage von deren Erlaubnis oder einer anderen gesetzlichen Berechtigung von der Online-Plattform erhalten, erfolgen die Nutzung, die Speicherung und die sonstige Verarbeitung dieser Daten nur zu den im Rahmen des Gewinnspiels genannten Zwecken (z.B., wenn wir die E-Mailadresse der Nutzer in ein Gewinnspielformular voreintragen k\u00f6nnen). Sollten Teilnehmer zur Eingabe von Zugangsdaten aufgefordert werden, dann werden diese Daten von dem Anbieter der Online-Plattform verarbeitet. Wir erhalten insbesondere keinen Zugang zu den Passw\u00f6rtern der Teilnehmer. Neben diesen Teilnahmebedingungen gelten im Verh\u00e4ltnis zu der Online-Plattform deren anwendbare Gesch\u00e4ftsbedingungen und Datenschutzhinweise. Weitere Informationen zu dem Einwilligungsvorgang, Informationen \u00fcber erteilte Einwilligungen sowie M\u00f6glichkeiten, diese zu widerrufen, ergeben sich aus den Datenschutzhinweisen der Online-Plattform.<\/p>\n<p>&nbsp;<\/p>\n<p>11. Hinweise zur Gew\u00e4hrleistung und Haftung<\/p>\n<p>Wir weisen darauf hin, dass es sich bei dem Gewinnspiel und den Gewinnen um freiwillige Leistungen unsererseits handelt, f\u00fcr die nicht derselbe Gew\u00e4hrleistungs- und Haftungsumfang, wie z.B. bei einem vom Gewinnspiel unabh\u00e4ngigen Erwerb der verlosten Preise. Beschr\u00e4nkungen der Gew\u00e4hrleistung f\u00fcr Gewinne: Wir haften, vorbehaltlich eigenen Verschuldens nach Ma\u00dfgabe der Regelungen in den Haftungshinweisen dieser Teilnahmebedingungen, nicht f\u00fcr gewonnene Sachen und Leistungen, die nicht von uns selbst angeboten werden. Im \u00dcbrigen gelten die Gew\u00e4hrleistungs- und Garantiebedingungen der jeweiligen Anbieter der Sachen und Leistungen, sofern diese die Teilnehmer nicht einschr\u00e4nken und von uns auf die Teilnehmer \u00fcbertragen werden k\u00f6nnen. Abweichungen bei Gewinnen: Die im Rahmen der Gewinnspielbeschreibung gezeigten Gewinne k\u00f6nnen von den, den Gewinnern \u00fcberreichten Sachen oder Leistungen abweichen, sofern sie im Hinblick auf die beschriebenen Gewinne aus der Sicht eines durchschnittlichen Teilnehmers gleichwertig sind. Nach dieser Ma\u00dfgabe k\u00f6nnen Abweichungen hinsichtlich Modell, Farbe, Lokalit\u00e4t o. \u00e4. bestehen. Haftung: F\u00fcr unsere Haftung auf Schadensersatz gelten unbeschadet der sonstigen gesetzlichen Anspruchsvoraussetzungen die folgenden Haftungsausschl\u00fcsse und Haftungsbegrenzungen. Soweit die Haftung unsererseits ausgeschlossen oder beschr\u00e4nkt ist, gilt dies auch f\u00fcr die pers\u00f6nliche Haftung von unseren Arbeitnehmern, Vertretern und Erf\u00fcllungsgehilfen sowie f\u00fcr eine Haftung der Sponsor(en). Wir haften f\u00fcr die leicht fahrl\u00e4ssige Verletzung von wesentlichen Pflichten, deren Verletzung die Erreichung des Vertragszwecks gef\u00e4hrdet, oder f\u00fcr die Verletzung von Pflichten, deren Erf\u00fcllung die ordnungsgem\u00e4\u00dfe Durchf\u00fchrung des Gewinnspiels \u00fcberhaupt erst erm\u00f6glicht und auf deren Einhaltung die Vertragspartner regelm\u00e4\u00dfig vertrauen (sog. Kardinalspflichten). In diesem Fall haften wir jedoch nur f\u00fcr den vorhersehbaren, vertragstypischen Schaden. Wir haften nicht f\u00fcr die leicht fahrl\u00e4ssige Verletzung der in den vorstehenden S\u00e4tzen genannten Pflichten durch andere. Wir haften unbeschr\u00e4nkt, soweit die Schadensursache auf Vorsatz oder grober Fahrl\u00e4ssigkeit beruht. Im Fall grob fahrl\u00e4ssiger Pflichtverletzung durch unsere Erf\u00fcllungsgehilfen gelten die vorgenannten Einschr\u00e4nkungen f\u00fcr die leicht fahrl\u00e4ssige Verletzung von wesentlichen Pflichten. Die vorstehenden Haftungsbeschr\u00e4nkungen gelten nicht bei Verletzung von Leben, K\u00f6rper und Gesundheit, f\u00fcr einen Mangel nach \u00dcbernahme von Beschaffenheitsgarantien f\u00fcr die Beschaffenheit eines Produktes und bei arglistig verschwiegenen M\u00e4ngeln. Die Haftung nach dem Produkthaftungsgesetz bleibt unber\u00fchrt. Rechtsweg: Der Rechtsweg ist im Hinblick auf die Ziehung der Gewinner und die etwaige Beurteilung der eingereichten Gewinnspielbeitr\u00e4ge ausgeschlossen.<\/p>\n<p>&nbsp;<\/p>\n<p>&nbsp;<\/p>\n<p>&nbsp;<\/p>\n<p>12. Datenschutzhinweise<\/p>\n<p>Wir verarbeiten personenbezogene Daten (nachfolgen auch als &#8222;Daten&#8220; bezeichnet) der Teilnehmer von Gewinnspielen und Wettbewerben nur unter Einhaltung der einschl\u00e4gigen Datenschutzbestimmungen, soweit die Verarbeitung zur Bereitstellung, Durchf\u00fchrung und Abwicklung des Gewinnspiels erforderlich ist (Art. 6 Abs. 1 S. 1 lit. b. DSGVO), die Teilnehmer in die Verarbeitung eingewilligt haben (Art. 6 Abs. 1 S. 1 lit. a DSGVO) oder die Verarbeitung gem. Art. 6 Abs. 1 S. 1 lit. f DSGVO unseren berechtigten Interessen an der Sicherheit des Gewinnspiels oder am Schutz unserer Interessen vor Missbrauch dient. Die Daten der Teilnehmer werden nur dann an andere Stellen \u00fcbermittelt, wenn dies f\u00fcr die Durchf\u00fchrung des Gewinnspiels erforderlich ist (z.B. zum Versand von Gewinnen durch Sponsor(en) oder an im Zusammenhang mit der Durchf\u00fchrung beauftragte technische Dienstleister oder Agenturen) oder ein Teilnehmer in die \u00dcbermittlung eingewilligt hat. Wir weisen die Teilnehmer im Rahmen des Gewinnspiels darauf hin, welche ihrer Angaben f\u00fcr die Teilnahme erforderlich sind. Die Daten der Teilnehmer werden gel\u00f6scht, sobald das Gewinnspiel beendet ist und die Daten nicht mehr erforderlich sind, um die Gewinner zu informieren oder weil mit R\u00fcckfragen zum Gewinnspiel zu rechnen ist. Grunds\u00e4tzlich werden die Daten der Teilnehmer sp\u00e4testens 6 Monate nach Ende des Gewinnspiels gel\u00f6scht. Daten der Gewinner k\u00f6nnen l\u00e4nger einbehalten werden, um z.B. R\u00fcckfragen zu den Gewinnen zu beantworten oder die Gewinnleistungen zu erf\u00fcllen; in diesem Fall richtet sich die Aufbewahrungsdauer nach der Art des Gewinns und betr\u00e4gt z.B. bei Sachen oder Leistungen bis zu drei Jahre, um z.B. Gew\u00e4hrleistungsf\u00e4lle bearbeiten zu k\u00f6nnen. Ferner k\u00f6nnen die Daten der Teilnehmer l\u00e4nger gespeichert werden, z.B. im Rahmen einer (datenschutzkonformen) Berichterstattung zum Gewinnspiel in Online- und Offline-Medien oder im Fall von Teilnahmebeitr\u00e4gen, die in sozialen Medien ver\u00f6ffentlicht werden. Sofern Daten im Rahmen des Gewinnspiels auch zu anderen Zwecken erhoben wurden, richten sich deren Verarbeitung und die Aufbewahrungsdauer nach den Datenschutzhinweisen zu dieser Nutzung (z.B. im Fall einer Anmeldung zum Newsletter im Rahmen eines Gewinnspiels). Soweit wir im \u00dcbrigen Ihre Daten verarbeiten oder zus\u00e4tzliche Informationen zu der Verarbeitung Ihrer Daten bereithalten, geben wir einen Link zu unserer Datenschutzerkl\u00e4rung an und verweisen auf diese. Den Teilnehmern stehen als Betroffene nach der DSGVO verschiedene Rechte zu, die sich insbesondere aus Art. 15 bis 21 DSGVO ergeben:<\/p>\n<p>\u2022 Widerspruchsrecht: Sie haben das Recht, aus Gr\u00fcnden, die sich aus Ihrer besonderen Situation ergeben, jederzeit gegen die Verarbeitung der Sie betreffenden personenbezogenen Daten, die aufgrund von Art. 6 Abs. 1 lit. e oder f DSGVO erfolgt, Widerspruch einzulegen; dies gilt auch f\u00fcr ein auf diese Bestimmungen gest\u00fctztes Profiling. Werden die Sie betreffenden personenbezogenen Daten verarbeitet, um Direktwerbung zu betreiben, haben Sie das Recht, jederzeit Widerspruch gegen die Verarbeitung der Sie betreffenden personenbezogenen Daten zum Zwecke derartiger Werbung einzulegen; dies gilt auch f\u00fcr das Profiling, soweit es mit solcher Direktwerbung in Verbindung steht.<\/p>\n<p>\u2022 Widerrufsrecht bei Einwilligungen: Sie haben das Recht, erteilte Einwilligungen jederzeit zu widerrufen.<\/p>\n<p>\u2022 Auskunftsrecht: Sie haben das Recht, eine Best\u00e4tigung dar\u00fcber zu verlangen, ob betreffende Daten verarbeitet werden und auf Auskunft \u00fcber diese Daten sowie auf weitere Informationen und Kopie der Daten entsprechend den gesetzlichen Vorgaben.<\/p>\n<p>\u2022 Recht auf Berichtigung: Sie haben entsprechend den gesetzlichen Vorgaben das Recht, die Vervollst\u00e4ndigung der Sie betreffenden Daten oder die Berichtigung der Sie betreffenden unrichtigen Daten zu verlangen.<\/p>\n<p>\u2022 Recht auf L\u00f6schung und Einschr\u00e4nkung der Verarbeitung: Sie haben nach Ma\u00dfgabe der gesetzlichen Vorgaben das Recht, zu verlangen, dass Sie betreffende Daten unverz\u00fcglich gel\u00f6scht werden, bzw. alternativ nach Ma\u00dfgabe der gesetzlichen Vorgaben eine Einschr\u00e4nkung der Verarbeitung der Daten zu verlangen.<\/p>\n<p>\u2022 Recht auf Daten\u00fcbertragbarkeit: Sie haben das Recht, Sie betreffende Daten, die Sie uns bereitgestellt haben, nach Ma\u00dfgabe der gesetzlichen Vorgaben in einem strukturierten, g\u00e4ngigen und maschinenlesbaren Format zu erhalten oder deren \u00dcbermittlung an einen anderen Verantwortlichen zu fordern.<\/p>\n<p>\u2022 Beschwerde bei Aufsichtsbeh\u00f6rde: Sie haben ferner nach Ma\u00dfgabe der gesetzlichen Vorgaben das Recht, bei einer Aufsichtsbeh\u00f6rde, insbesondere in dem Mitgliedstaat Ihres gew\u00f6hnlichen Aufenthaltsorts, Ihres Arbeitsplatzes oder des Orts des mutma\u00dflichen Versto\u00dfes eine Beschwerde einzulegen, wenn Sie der Ansicht<\/p>\n<p>sind, dass die Verarbeitung der Sie betreffenden personenbezogenen Daten gegen die DSGVO verst\u00f6\u00dft. Unsere Datenschutzerkl\u00e4rung: https:\/\/www.gizeh-online.de\/datenschutz<\/p>\n<p>&nbsp;<\/p>\n<p>13. Schlussbestimmungen<\/p>\n<p>Abweichende Bedingungen: Das Gewinnspiel bestimmt sich alleine nach unseren Teilnahmebedingungen. Abweichende Bedingungen der Teilnehmer finden ohne unser ausdr\u00fcckliches Einverst\u00e4ndnis keine Geltung. Rechtsbestimmung der Wettbewerb unterliegt dem deutschen Recht. S\u00e4mtliche Fragen und Kommentare zur Aktion sind direkt an GIZEH und nicht an Instagram oder Facebook zu richten. Kontaktm\u00f6glichkeit: info@gizeh-online.de Letzter Stand der \u00c4nderung: 14.12.2023.<\/p><\/p>\n<\/div><\/div><\/div><\/div><\/div>","protected":false},"excerpt":{"rendered":"","protected":false},"author":1,"featured_media":0,"parent":0,"menu_order":0,"comment_status":"closed","ping_status":"open","template":"","meta":{"footnotes":""},"class_list":["post-3","page","type-page","status-publish","hentry"],"_links":{"self":[{"href":"https:\/\/gizeh-gewinnspiel.ch\/index.php\/wp-json\/wp\/v2\/pages\/3","targetHints":{"allow":["GET"]}}],"collection":[{"href":"https:\/\/gizeh-gewinnspiel.ch\/index.php\/wp-json\/wp\/v2\/pages"}],"about":[{"href":"https:\/\/gizeh-gewinnspiel.ch\/index.php\/wp-json\/wp\/v2\/types\/page"}],"author":[{"embeddable":true,"href":"https:\/\/gizeh-gewinnspiel.ch\/index.php\/wp-json\/wp\/v2\/users\/1"}],"replies":[{"embeddable":true,"href":"https:\/\/gizeh-gewinnspiel.ch\/index.php\/wp-json\/wp\/v2\/comments?post=3"}],"version-history":[{"count":6,"href":"https:\/\/gizeh-gewinnspiel.ch\/index.php\/wp-json\/wp\/v2\/pages\/3\/revisions"}],"predecessor-version":[{"id":1386,"href":"https:\/\/gizeh-gewinnspiel.ch\/index.php\/wp-json\/wp\/v2\/pages\/3\/revisions\/1386"}],"wp:attachment":[{"href":"https:\/\/gizeh-gewinnspiel.ch\/index.php\/wp-json\/wp\/v2\/media?parent=3"}],"curies":[{"name":"wp","href":"https:\/\/api.w.org\/{rel}","templated":true}]}}